- 1. Let y = -29 + 35. Suppose 0*s - y = 2*s. Calculate h(s).
-13
Suppose -h - 3*z + 2 = 6, -h + 12 = -5*z. Let a(s) be the first derivative of s**3/3 - 5*s**2/2 + s + 5. What is a(h)?
-5
Let h(n) = -9*n**2 + 5*n - 14. Let u(a) = -17*a**2 + 9*a - 26. Let f(c) = 11*h(c) - 6*u(c). Calculate f(-3).
26
Let d(z) = 4*z + 1. Let g(j) = 2*j + 0*j**2 - j**2 - 6 + 2*j**2. Let o be g(-4). Let r = 5 - o. Determine d(r).
13
Let v(f) = -10*f + 21. Let b(j) = -22*j + 44. Let l(u) = 3*b(u) - 7*v(u). Calculate l(8).
17
Let p(c) = c - 7. Suppose -10*j - 5*j + 45 = 0. What is p(j)?
-4
Let v(h) be the first derivative of -h**4/4 - 7*h**3/3 + h**2/2 + 2*h - 212. Calculate v(-6).
-40
Let c(w) be the first derivative of -7*w**3/3 + 2*w**2 - 2*w + 39. Let y be 3 + -1 + (-2)/(-8)*0. What is c(y)?
-22
Let p(x) be the second derivative of -x**5/20 - 3*x**4/4 - x**3 - x**2 + x - 257. Give p(-8).
-18
Suppose -5*m + 2*m = -3. Let k(c) = 0*c + 2 + c - m. Suppose -j + 22 - 16 = 0. What is k(j)?
7
Let u(d) = -10*d**3 - 4*d**2 + 2*d - 1. Suppose 3*g = 1 + 11. Let a(m) = 11*m**3 + 5*m**2 - 2*m + 1. Let j(x) = g*a(x) + 5*u(x). Determine j(1).
-5
Suppose -9*d - 6 - 93 = 0. Let n be 2/d + (-360)/(-165). Let u(b) = 3*b - n*b + 4*b + 3*b**2 - 4*b**2 - 1. Give u(3).
5
Let q(s) = -7 - 301*s - 304*s + 900*s - 294*s. Give q(0).
-7
Suppose -p + 3 = -2*p. Let j(x) = -3*x**2 + 5. Let l(k) = -4*k**2 + 6. Let d = 0 + -3. Let i(b) = d*j(b) + 2*l(b). What is i(p)?
6
Let r(x) = -6*x**3 - x**2 - 2*x - 1. Let o(d) = -d**3 + d**2. Let q be o(-1). Let l be 0 + q - (0 - -1). Suppose -2*y - 3 = -l. Determine r(y).
6
Let s = 1369 - 1375. Suppose 3*d + 15 = 6*d + 3*m, 21 = 3*d + 5*m. Let q(i) = -5*i**2 + 3*i + d + 4*i + 7 - i**3. What is q(s)?
3
Let x(c) be the second derivative of -c**7/2520 - c**6/360 + c**5/30 + c**4/3 + 18*c. Let n(a) be the third derivative of x(a). Calculate n(-3).
1
Let c(g) be the third derivative of 0 + 1/12*g**4 + 16*g**2 + 1/2*g**3 + 1/120*g**6 + 1/12*g**5 + 0*g. Determine c(-5).
-7
Let g(f) be the third derivative of -f**4/12 - f**3/2 + 45*f**2. Give g(-2).
1
Let t(v) = -v**3 - 5*v**2 - 5*v + 2. Suppose -3*x = 2*x. Let p(w) = w**2 + 5*w - 63. Let s be p(-11). Suppose s*c - 8*c - 20 = x. Calculate t(c).
6
Let t be (3 - -1) + (-2 - 1). Let m = -24 - -24. Suppose -3*y - 5 = -h, h - 1 - t = m. Let n(k) = -8*k**3 - k**2 - 2*k - 1. Calculate n(y).
8
Let l(r) = 2*r - 13. Let v be l(7). Let q(o) = -10*o**3 + 2*o**2 - 1. Determine q(v).
-9
Let u(b) be the third derivative of b**8/20160 + b**7/560 - b**6/240 - 11*b**5/30 - 3*b**2 + b. Let p(f) be the third derivative of u(f). Give p(-8).
-11
Let k(h) be the second derivative of h**4/12 + h**3/6 - 9*h**2 + h. Let n(f) = 32*f + 512. Let o be n(-16). What is k(o)?
-18
Let a(h) = -h**3 + h**2 + h. Let g(n) = 3*n - 7. Let v be g(4). Suppose m = b + 2, 0 = -0*b - 3*b + v*m - 14. Suppose 5*i = s + i + b, -7 = -3*s - i. Give a(s).
-2
Let h(b) = 2*b - 12. Let c be h(8). Let o(p) = -c + 5*p - 5*p - p. Let l be 6/(-2)*(0 + 5/(-3)). What is o(l)?
-9
Let i(g) be the first derivative of 2*g**3/3 + 2*g - 149. Give i(-3).
20
Let z(d) = 9*d**3 + 13*d**2 - 17*d + 13. Let k(s) = -7*s**3 - 13*s**2 + 16*s - 13. Let a(w) = -4*k(w) - 3*z(w). What is a(-14)?
-1
Let x(g) = -3*g - 7. Let h be x(-9). Suppose 0 = 5*z - h, a + 4*z - 2*z - 26 = 0. Let m(d) = -d + d**2 + a - 7 - d**3 - d**2. Determine m(0).
11
Let b(r) = -r + 2. Let l be b(0). Let w(o) = 4*o**3 + 6 - 5*o**l - 5*o - 5*o**3 - 2*o**2. Let q(c) = c**3 + c**2 - 4*c + 1. Let s be q(-3). Give w(s).
-19
Let l(i) = i**2 + i**2 + 20*i - 27*i - 328 + 326 - i**2. Let n be (-20)/6*6/(-5). What is l(n)?
-14
Suppose -5 = v - 22. Suppose -23 = -5*g + v. Let s(h) = -h**3 + 9*h**2 - 6*h - 9. Determine s(g).
7
Suppose -4*b - c = -5*c - 28, -3*c = -2*b + 13. Let l = -14 + b. Let u(q) = -q - 5. What is u(l)?
1
Let q(m) = -m**2 - 3*m + 6. Suppose 16*x = 73*x + 342. Give q(x).
-12
Let j(z) = z**3 + 5*z**2 - 5*z + 1. Let s be (2 - 1) + (-16)/(-4). Suppose 3*d - 5*f - 7 = 6, s*d = -3*f - 1. Let u = d - 7. Calculate j(u).
-5
Suppose -56 = -5*i - 9*i. Let a(l) = -l + 1. Give a(i).
-3
Let n(j) be the third derivative of 0*j + 0 + 8*j**2 - 1/24*j**4 + 0*j**3 - 1/15*j**5. What is n(1)?
-5
Let r(q) = -19*q. Let l be r(-1). Suppose 5*h = -2*w + 11, -3*w + l = h - 4. Let a(g) = -w + 3 - 3*g + 5*g. What is a(6)?
7
Let k(s) = 5*s**2 + 1. Suppose 3*b = -3*a + 12, -2*a - 1 = -4*b - 15. Determine k(b).
6
Let k(l) = -4*l + 169 - 119 - 62. Determine k(-10).
28
Suppose -6 = 2*z, -5*z + 3 = -4*w - 10*z. Let g(y) = 4*y**3 + 4*y**2 - y - 1. Let h(d) = -4*d**3 - 3*d**2 + d + 1. Let u(j) = w*g(j) + 4*h(j). Calculate u(-1).
4
Let d(k) = 5*k - 2. Let h(c) = 4*c - 1. Let b(o) = 3*d(o) - 2*h(o). Determine b(5).
31
Let g(a) = -a + 1. Let q = 829 + -813. What is g(q)?
-15
Let x(c) = -4*c + 13. Let a(n) = -5*n + 17. Let k(y) = 3*a(y) - 4*x(y). Calculate k(12).
11
Let n(f) = 43*f + 2*f**2 - f**2 + 5 - 2 - 39*f. Determine n(-5).
8
Let q(o) be the second derivative of -o**3/3 + o**2/2 - o. Let m(n) be the second derivative of n**3/3 + 7*n**2/2 - 2*n - 5. Let s be m(-3). Give q(s).
-1
Suppose -p - 7 = -3. Let q be (3 - -1)/(p - -2). Let f(l) = -3*l - 2. What is f(q)?
4
Let j(p) = -8 + 14 - 2563*p + 25 + 2561*p - 5. Calculate j(0).
26
Suppose 17 - 91 = 5*j - 4*v, 0 = 2*j - 4*v + 32. Let d(p) = -p**3 - 15*p**2 - 14*p - 8. Give d(j).
-8
Let q(s) = 4*s - 32. Let c be 13 - 1 - (-12 - 85/(-5)). Give q(c).
-4
Let b(f) = -2 + f**3 + 130*f + 0*f**2 - 130*f - 7*f**2. Suppose 3*a - 24 = -9. Let k(c) = -c**3 + 7*c**2 - c + 1. Let n(h) = a*b(h) + 6*k(h). Determine n(6).
-4
Let g = -3 - -7. Let i be 1/(g/12*3). Let v be (3/i)/(0 - 1). Let p(m) = -2*m + 2. What is p(v)?
8
Let p(v) = v - 22. Let k be p(19). Let g(b) = b**2 + b - 2. Let n(y) = -y**2 - 2*y + 1. Let u(s) = k*n(s) - 4*g(s). Let w = -12 - -17. Calculate u(w).
-10
Let k(b) = 7*b**2 + 6*b. Let c(j) = -11*j**2 - 10*j. Let i(f) = -5*c(f) - 8*k(f). What is i(1)?
1
Let a(t) = t**3 + t**2 - 6*t**3 - 24*t + 25*t. What is a(-1)?
5
Let f(d) = -d**2 + 4*d + 5. Let y be f(5). Let x = 2 - y. Let u(r) be the third derivative of r**4/6 - 5*r**2. Calculate u(x).
8
Suppose 228*o = 226*o. Let w(n) = -n - 21. Determine w(o).
-21
Let b(f) = 2*f + 1. Let p(c) = -7*c + 20. Let a(i) = 3*b(i) + p(i). Determine a(7).
16
Suppose -10*v = -6*v - 4*k + 8, k = -4*v - 28. Let r(x) = -x**2 - 7*x - 6. Give r(v).
0
Let b(x) = 2*x**3 - 3*x**2 + 4*x - 7. Let s(v) = v**3 - v**2 + 2*v - 3. Let u(q) = 6*b(q) - 13*s(q). Let p(i) = i**2 + 6*i - 4. Let a be p(-6). What is u(a)?
-11
Suppose d + 3 = -0*d. Let j(x) = -191*x + 3 - 189*x + 375*x - 2*x**2 - 5. What is j(d)?
-5
Let a(x) = -x**3 - 12*x**2 - x - 6. Let v = 79 + -70. Suppose -75 = 5*u + 3*y, 3*u + 7 = 4*y - v. Calculate a(u).
6
Let k(i) = i**2 - 8*i - 1. Let h = 235 - 228. Determine k(h).
-8
Suppose 0 = x + 4*h - 22 + 10, 0 = -4*x - 5*h + 26. Let g(t) = t**3 - 3*t**2 + 2. What is g(x)?
18
Let v(o) be the first derivative of -1/3*o**3 + 3*o**2 - 6*o + 19. Calculate v(5).
-1
Let x(h) = -h**2 - 2*h - 3. Let y = -28 + 28. Let n be x(y). Let t(p) = p**2 - 4*p + p**3 + p + 0*p - 1 + 4. Give t(n).
-6
Let o be (4 - 4)/(-2 + -4). Let m(g) = -g - 9. Determine m(o).
-9
Let y(h) = -10*h**3 + 5*h**2 - 5*h - 3. Let m(g) = -3*g**3 + 4*g - 9*g**3 + 23*g**3 + 2 - 4*g**2. Let v(b) = 4*m(b) + 3*y(b). What is v(1)?
13
Let x be (-20)/(-6) - 6/(-9). Suppose 0*h + 24 = x*h. Let i(l) = h*l - 6 + 6*l - 13*l. What is i(0)?
-6
Let m(r) = r**2 - r - 1. Let g(i) = 2*i - 11. Let n be g(4). Give m(n).
11
Let j(k) = 4*k**2 + 5 - 4*k - 12 - 7 - 23. Let x(a) = -a**2 + a + 12. Let b(u) = -2*j(u) - 7*x(u). Give b(0).
-10
Let y(m) = 17*m**3 + 1. Suppose -306*q + 4 = -310*q. Give y(q).
-16
Suppose -z + 5*v + 2 = 0, z = 2*z + 4*v - 2. Let g(c) = -3*c + c + 4*c**z + 4*c + 1. Let i = 12623 + -12624. Calculate g(i).
3
Let r(v) be the third derivative of v**6/120 - v**5/12 + v**4/6 - v**3/2 + 119*v**2. Calculate r(4).
-3
Let o(z) = 5*z - 5. Suppose -16 = 3*y + 4*u, 0 = u - 2*u - 1. Let c = 2 - y. Determine o(c).
25
Let n(t) = -11*t**3 + 5*t - 28. Let d(g) = -13*g**3 + g**2 + 5*g - 31. Let o(a) = -6*d(a) + 7*n(a). Calculate o(5).
-10
Suppose 0 = -o - 2*o - 3, -4 = -3*x - 5*o. Let s be (-5 + x + 6)*-1. Let l(z) = z - 2. Give l(s).